igit of a?
3
Suppose -165 = 5*g + 3*u, -g - 2*g - 103 = u. Let c(q) = q**3 - 2*q - 5. Let f be c(4). Let r = g + f. What is the tens digit of r?
1
Suppose -4*w + 0*z + 5*z + 162 = 0, 0 = 2*w - 4*z - 78. What is the units digit of w?
3
Let r(o) = -3*o**2 + o + 6*o + o**3 - 4 - 3*o**2. What is the units digit of r(5)?
6
Let w = -16 + 43. What is the units digit of w?
7
Let i(f) = -f**2 - 7*f - 7. Suppose u + 2*h + 0 - 2 = 0, 8 = 4*u - 3*h. Let g be ((-30)/(-12))/((-1)/u). What is the units digit of i(g)?
3
Let i = -8 + 11. Let w = 35 + -25. Suppose -6*f + 3*f = 2*p - w, -15 = -i*p - 2*f. What is the units digit of p?
5
Suppose 3 = -2*f + 13. What is the units digit of f?
5
Let b = 1 - 1. Suppose 4*a - 2*a = 0. Suppose -u + 3 + b = a. What is the units digit of u?
3
Let w = 13 + 6. Suppose n + 5 - w = 0. What is the tens digit of n?
1
Let o = 22 - -77. What is the units digit of o?
9
Let v(n) = n**2 + 7*n + 6. Let p be v(-7). Suppose -p - 6 = -4*c. What is the units digit of c?
3
Suppose -q + 26 = -19. What is the tens digit of q?
4
Suppose o + 0*o = 20. Suppose -h - 2 = 0, 4*h + o = 5*s - s. Suppose -s*q = -2 - 1. What is the units digit of q?
1
Let r = 0 + 4. Suppose 19 - 3 = y + 3*a, y - r*a = 2. Suppose 3*d + 2*s = -0*s + y, 0 = 3*d - 2*s - 2. What is the units digit of d?
2
Suppose 4*p + 4*z = -708, -5*p + 4*p = -4*z + 167. What is the tens digit of (4/5)/((-14)/p)?
1
Suppose 0 = 2*x + h - 52, 5*x - 5*h = x + 118. What is the tens digit of x?
2
Let m = -9 + 65. What is the tens digit of m?
5
Let o(s) = 4 + 28 + s - 7. What is the units digit of o(-12)?
3
Let m be 2/6*2*-27. Let s be 3/(3 + m/4). What is the units digit of 1 - (-2)/s*-1?
2
Let k = 26 - 44. What is the units digit of -1*k/(-3 + 6)?
6
Suppose 24 = -2*j - 0*j. Let y = -18 - j. Let q(w) = -2*w - 9. What is the units digit of q(y)?
3
Let i = 530 - 237. What is the hundreds digit of i?
2
Let q be -4*(2 - 22/8). What is the units digit of (-234)/(-15) - q/5?
5
Let u = 2 - 0. What is the tens digit of (-1*u + -8)/(-1)?
1
Suppose 0 = 3*m - 3*l - l + 48, -m - 2*l - 16 = 0. Let d(x) = -2*x - 6. What is the tens digit of d(m)?
2
Let w(z) = -4*z**2 + 2 + 4*z + 4*z**2 + 3*z**2. Let u be w(-2). What is the units digit of 1/(-2) - (-21)/u?
3
Let s(n) = n**3 + 16*n**2 + 18*n + 9. What is the hundreds digit of s(-13)?
2
What is the tens digit of 80/6 + (-52)/39?
1
Let k(x) = 12*x**3 + x**2 - x + 1. What is the tens digit of k(1)?
1
Let i = 5 + -9. Let k(o) = 2*o**2 + 4*o + 4. What is the tens digit of k(i)?
2
Let y = 6 - 4. Suppose 0 = -n - y*n + 9. What is the units digit of n?
3
Let j(s) = -4*s**3 - 3*s**2 + 3*s + 1. What is the units digit of j(-3)?
3
Suppose -c - 4*b = -16 - 11, 4*c - 2*b = 36. Suppose m + 4*a - 34 = -4*m, -m + c = 5*a. What is the units digit of m?
6
Suppose u = 3*u - 6. Let j = -1 - -3. Suppose 0 = 2*h + 8, -j*y + 0*h = -u*h - 16. What is the units digit of y?
2
Let h(l) = -2*l**3 + 3*l**2 + 3*l + 3. Suppose 3*q - 5 - 4 = 0. Let g be h(q). Let o = g - -21. What is the units digit of o?
6
Suppose -2*b = -51 - 25. What is the units digit of b?
8
Suppose 109 = -3*l - l + a, l + 19 = 3*a. Let w = l + 41. What is the units digit of w?
3
Suppose 0 = -a, 4*g + 2*a = -g + 5. What is the units digit of g*-2 - (4 - 9)?
3
Let d(c) = -3*c + 2. Let j be d(2). Let v = j - -3. What is the units digit of 9/(v - -4 - 2)?
9
Let y(w) be the third derivative of 0*w - 1/60*w**5 + 3*w**2 + 0*w**4 + 0 + 2*w**3. What is the units digit of y(0)?
2
Suppose 0 = -f - 3*f + 80. What is the tens digit of f?
2
Let t(u) = -u**2 - 4*u + 1. Suppose 5*y - y = -4*o - 20, -5*o - 13 = y. What is the units digit of t(y)?
4
Let w be -3 + 5 - -4*2. Suppose 2*y - 2*s - 30 = w, 50 = 4*y + 2*s. Let j = -10 + y. What is the units digit of j?
5
Let o(z) = 6*z - 41. What is the tens digit of o(22)?
9
What is the tens digit of (3 - 0)/(8/104)?
3
Let o = -22 + 24. Suppose -o*v = 4*z - 42, 2*z - 2*v - 14 = -z. What is the units digit of z?
8
Let o be -2 - 3/(-1) - -1. Suppose 2*t - 52 = -o*t. What is the tens digit of t?
1
Let l = -4 - -8. Suppose 3*t - 1 = l*t. What is the tens digit of 22*t/6*-3?
1
Let q(t) = t**3 + 5*t**2 - 7*t - 2. Suppose 18 = -m - 6*j + 3*j, 0 = -4*m + 4*j - 8. Let d be q(m). Let c = d + -1. What is the units digit of c?
3
Let j = 14 + -12. Suppose -2*b + 28 = -4*n, 3*b + 15 = 5*n + 59. What is the units digit of j + -4 - b/(-2)?
7
Let k(w) = -w**3 - 7*w**2 - w + 4. Let u be k(-7). Let n = 1 + -4. Let v = n + u. What is the units digit of v?
8
What is the tens digit of (105/(-10))/((-1)/14)?
4
Let r = 169 + -113. What is the units digit of r?
6
Suppose 0*z - 12 = 2*z. Let b = -4 - z. What is the units digit of b?
2
Let j(d) = 2*d**2 - 5*d + 40. Let m(z) = -3*z**2 + 8*z - 60. Let g(q) = 8*j(q) + 5*m(q). Let a be g(0). Suppose -4*b = -0*b - a. What is the units digit of b?
5
Suppose -22 = -3*r - b - b, -5*r + 4*b = 0. Suppose 0 = -r*y + 24 + 24. What is the units digit of y?
2
Let s be (-4 + 2)/(1 - 2). Suppose 4*x - 34 = -s. What is the units digit of x?
8
Suppose 0*w - w = -4*r - 198, 414 = 2*w - 2*r. What is the units digit of w?
0
Let g be -3*(0 + (-8)/3). Let n be 2*g - (3 + -5). What is the units digit of (-43)/(-9) + 4/n?
5
Let a = -1 + 3. Let m(g) = 2*g + 3*g + 3*g - 3. What is the units digit of m(a)?
3
Suppose 3*s = 6*s - 27. Suppose 7*t + 56 = s*t. What is the tens digit of t?
2
Let j(c) = c**2 + c - 2. What is the units digit of j(5)?
8
Suppose 17 = q - 4*h, -5*q + 65 + 58 = -h. What is the tens digit of q?
2
Let j = -32 - -50. What is the units digit of j?
8
Suppose 3*k - 3 = 6. Suppose 2*u - k*d = 7, -3*u - 2*d + 10 = -6*d. Suppose s + 3*j = 10, -6*j = 4*s - u*j - 56. What is the units digit of s?
6
Suppose 2*v + 14 = 2*r, 3*r + 5*v = 6*r - 15. What is the units digit of (-114)/(-15) - (-4)/r?
8
Suppose 0 = -4*w - 4*x + 28, 2*w = -3*w - 2*x + 20. Suppose 0 = -4*v, -d + 2*v = -w*v - 4. What is the units digit of d?
4
Let w = -79 - -37. Let v = w - -67. What is the units digit of v?
5
Suppose 2*y + 8 = 2*n, y - 4 = 3*n - 4*n. What is the units digit of n?
4
Let n be (1/(-3))/(2/(-12)). Let c = 8 - n. What is the units digit of c?
6
Suppose 3*w = 5*w - 2. Let i be ((-18)/(-3))/3 - w. Let u = i - -1. What is the units digit of u?
2
Let i(y) = 9*y - 1. Let u be i(-5). Let c = -20 - u. What is the units digit of c?
6
Let g be ((1 - 0)*-7)/1. Let s = 12 - g. What is the units digit of s?
9
Suppose 200 = 4*j - 188. What is the units digit of j?
7
Let n be (-5)/2 - 1/(-2). Let x = 5 + n. Let z = x + -2. What is the units digit of z?
1
Let x(s) = -4*s + 14. What is the units digit of x(-6)?
8
Let p(f) = -f**3 - f**2 - f + 1. Let q(h) = h**3 - 4*h**2 + 5*h - 4. Let a be q(3). Let v be p(a). Let z = -7 - v. What is the units digit of z?
6
Let d = -18 - -34. Suppose -b = -15 - d. Suppose b = 3*m - 4*i + 6, -m - 4*i + 3 = 0. What is the units digit of m?
7
Let z = 39 - 21. What is the tens digit of z?
1
Suppose 0 = v + 3*v - y - 129, -2*v - 3*y + 61 = 0. What is the units digit of v?
2
Let v be (-1 + 3/(-2))*-10. What is the units digit of (-1 + 5)/(10/v)?
0
Suppose -m = -2, -5*m + 1 + 15 = -i. What is the units digit of 3/(i/8*-2)?
2
Let v(f) be the first derivative of 43*f**3/3 - f**2/2 - 2*f + 7. What is the tens digit of v(-1)?
4
Let q(l) = -l - 17. Let z be q(-7). Let y = 4 - z. What is the tens digit of y?
1
Let m be 1/((-20)/(-8) + -2). What is the units digit of 282/12 + 1/m?
4
Suppose 29 + 19 = 2*s. What is the units digit of s?
4
Let f = -23 - -23. Suppose f = -5*p + 186 + 74. What is the tens digit of p?
5
Let a(q) be the second derivative of 0 - q**2 + 1/12*q**4 + 5/6*q**3 - q. What is the tens digit of a(-7)?
1
Suppose 4*n - 6 = -2. Let f = 1 - n. Suppose -3*g + 5*w + 7 = f, -g + 0*g = -4*w. What is the units digit of g?
4
Suppose -64 = -c - c. What is the tens digit of c?
3
Let g(n) = -n + 9. Suppose 20 = -2*j - 0*j. What is the units digit of g(j)?
9
Suppose -2*j + 5*n + 9 = 3, 0 = -5*j + 3*n + 15. Let l = 8 - j. What is the units digit of l?
5
Let u(q) = 3*q + 11. Let p(f) = 10*f + 34. Let n(i) = -2*p(i) + 7*u(i). Let m be n(-6). Suppose m*j = 6*j + 4*v, -4*v - 20 = -2*j. What is the units digit of j?
4
Let r = 130 - 65. What is the tens digit of r?
6
Suppose k = 4 - 2. Suppose 